{"id":332,"date":"2016-04-14T14:07:59","date_gmt":"2016-04-14T14:07:59","guid":{"rendered":"https:\/\/ecobnb.es\/blog\/?page_id=332"},"modified":"2023-01-25T16:14:29","modified_gmt":"2023-01-25T16:14:29","slug":"partners","status":"publish","type":"page","link":"https:\/\/ecobnb.es\/blog\/partners\/","title":{"rendered":"Partners"},"content":{"rendered":"<h2><\/h2>\n<p><!--tr&gt;--><\/p>\n<table class=\"table\" style=\"clear: both;\">\n<tbody>\n<tr>\n<td style=\"vertical-align: middle!important;\"><img decoding=\"async\" class=\"alignnone wp-image-346 size-full\" src=\"https:\/\/ecobnb.es\/blog\/app\/uploads\/sites\/6\/2016\/04\/logo-unione-europea.jpg\" alt=\"Uni\u00f3n Europea\" width=\"443\" height=\"301\" srcset=\"https:\/\/ecobnb.es\/blog\/app\/uploads\/sites\/6\/2016\/04\/logo-unione-europea.jpg 443w, https:\/\/ecobnb.es\/blog\/app\/uploads\/sites\/6\/2016\/04\/logo-unione-europea-344x234.jpg 344w\" sizes=\"(max-width: 443px) 100vw, 443px\" \/><\/td>\n<td style=\"vertical-align: middle!important;\" width=\"50%\">\n<h2>EcoDots proyecto europeo, financiado por la Uni\u00f3n Europea<\/h2>\n<h4>Ecobnb promueve el turismo sostenible en Europa<\/h4>\n<p>Gracias al proyecto EcoDots, co-financiado por la Comisi\u00f3n Europea, Ecobnb promueve el turismo sostenible en Europa.<\/p>\n<p>El proyecto fue co-financiado por la Uni\u00f3n Europea en el \u00e1mbito de la competitividad y la innovaci\u00f3n con el Convenio n\u00fam SI2.677269.<\/p>\n<p>La Comisi\u00f3n Europea no se hace responsable de la informaci\u00f3n contenida en el sitio, o cualquier uso que se pueda hacer de esto.<\/td>\n<\/tr>\n<tr>\n<td style=\"vertical-align: middle!important;\" width=\"50%\">\n<h2>Jo\u017eef Stefan Institute, Ljubljana, Eslovenia<\/h2>\n<h4>Departamento de Estudios de Sistemas de Inteligencia (DIS)<\/h4>\n<p>El isitituto Jo\u017eef Stefan (JSI), fundada en 1949 y con cerca de 1.000 personas que trabajan en ella, es la instituci\u00f3n eslovena m\u00e1s importante para la investigaci\u00f3n en ciencias naturales y la tecnolog\u00eda. El instituto integra la Universidad y sirve de puente entre la ciencia y la industria. El Departamento de Sistemas Inteligentes (DIS) lleva a cabo investigaciones en varias \u00e1reas relacionadas con la inteligencia artificial, as\u00ed como el desarrollo de aplicaciones innovadoras que utilizan tecnolog\u00edas avanzadas.<\/p>\n<p>JSI es nuestro socio para desarrollar la aplicaci\u00f3n web innovadora.<\/td>\n<td style=\"vertical-align: middle!important;\"><span style=\"color: #333333;\"><br \/>\n<img decoding=\"async\" class=\"alignnone wp-image-345 size-full\" src=\"https:\/\/ecobnb.es\/blog\/app\/uploads\/sites\/6\/2016\/04\/JSI.png\" alt=\"JSI centro para la investigaci\u00f3n sobre nuevas tecnolog\u00edas\" width=\"300\" height=\"200\" \/><\/span><\/td>\n<\/tr>\n<tr>\n<td style=\"vertical-align: middle!important;\"><img decoding=\"async\" class=\"alignnone wp-image-344 size-full\" src=\"https:\/\/ecobnb.es\/blog\/app\/uploads\/sites\/6\/2016\/04\/COMUNE-DI-PARMA-536x316.jpg\" alt=\"Ciudad de Parma\" width=\"536\" height=\"316\" srcset=\"https:\/\/ecobnb.es\/blog\/app\/uploads\/sites\/6\/2016\/04\/COMUNE-DI-PARMA-536x316.jpg 536w, https:\/\/ecobnb.es\/blog\/app\/uploads\/sites\/6\/2016\/04\/COMUNE-DI-PARMA-536x316-344x203.jpg 344w\" sizes=\"(max-width: 536px) 100vw, 536px\" \/><\/td>\n<td style=\"vertical-align: middle!important;\">\n<h2>Ciudad de Parma, Italia<\/h2>\n<h4>Oficina de Turismo de la ciudad de Parma<\/h4>\n<p>Desde hace varios a\u00f1os el departamento de la ciudad de Parma Turismo trabaja para promover el paisaje local, el hist\u00f3rico, art\u00edstico y gastron\u00f3mico, entre otras cosas mediante la coordinaci\u00f3n y apoyo de las actividades de otras organizaciones locales de turismo y asociaciones sin \u00e1nimo de lucro.<\/p>\n<p>Ciudad de Parma es nuestro socio para impulsar el proyecto Ecobnb en Parma, y sostener su propagaci\u00f3n en Emilia Romagna.<\/td>\n<\/tr>\n<tr>\n<td style=\"vertical-align: middle!important;\" width=\"50%\">\n<h2>Instituto de Estudios para la Integraci\u00f3n de Sistemas<\/h2>\n<h4>Innovaci\u00f3n para la Sostenibilidad<\/h4>\n<p>El Instituto de Estudios para la Integraci\u00f3n de Sistemas (ISIS) es una empresa italiana que se ocupa de la investigaci\u00f3n y la consultor\u00eda para el an\u00e1lisis, dise\u00f1o, implementaci\u00f3n y evaluaci\u00f3n de pol\u00edticas sostenibles en materia de energ\u00eda, medio ambiente , el transporte y la movilidad, la planificaci\u00f3n urbana, la sociedad del conocimiento. Fundada en 1971, ISIS utiliza la experiencia de un equipo multidisciplinario, incluyendo ingenieros, estad\u00edsticos, inform\u00e1ticos, economistas.<\/p>\n<p>El instituto tiene experiencia en la participaci\u00f3n y la gesti\u00f3n de los proyectos financiados por la Uni\u00f3n Europea en el marco de proyectos de investigaci\u00f3n, Energ\u00eda Inteligente para Europa y otros programas de investigaci\u00f3n europeos y nacionales.<\/p>\n<p>ISIS es nuestro socio en la gesti\u00f3n de los EcoDots proyecto europeo.<\/td>\n<td style=\"vertical-align: middle!important;\"><span style=\"color: #333333;\"><img decoding=\"async\" class=\"alignnone wp-image-343 size-full\" src=\"https:\/\/ecobnb.es\/blog\/app\/uploads\/sites\/6\/2016\/04\/ISIS_logo-536x207.jpg\" alt=\"Instituto de Estudios para la Integraci\u00f3n de Sistemas ISI\" width=\"536\" height=\"207\" srcset=\"https:\/\/ecobnb.es\/blog\/app\/uploads\/sites\/6\/2016\/04\/ISIS_logo-536x207.jpg 536w, https:\/\/ecobnb.es\/blog\/app\/uploads\/sites\/6\/2016\/04\/ISIS_logo-536x207-344x133.jpg 344w\" sizes=\"(max-width: 536px) 100vw, 536px\" \/><br \/>\n<a href=\"https:\/\/ecobnb.it\/blog\/app\/uploads\/sites\/2\/2013\/05\/locandina-itaca2013.jpg\"><br \/>\n<\/a><\/span><\/td>\n<\/tr>\n<tr>\n<td style=\"vertical-align: middle!important;\" width=\"50%\">\u00a0<img decoding=\"async\" class=\"alignnone wp-image-342 size-full\" src=\"https:\/\/ecobnb.es\/blog\/app\/uploads\/sites\/6\/2016\/04\/TourCert-certification.jpg\" alt=\"TourCert Certificaci\u00f3n \" width=\"500\" height=\"501\" srcset=\"https:\/\/ecobnb.es\/blog\/app\/uploads\/sites\/6\/2016\/04\/TourCert-certification.jpg 500w, https:\/\/ecobnb.es\/blog\/app\/uploads\/sites\/6\/2016\/04\/TourCert-certification-344x345.jpg 344w\" sizes=\"(max-width: 500px) 100vw, 500px\" \/><\/td>\n<td style=\"vertical-align: middle!important;\"><a href=\"https:\/\/ecobnb.it\/blog\/app\/uploads\/sites\/2\/2013\/05\/locandina-itaca2013.jpg\"><span style=\"color: #333333;\"><br \/>\n<\/span><\/a><\/p>\n<h2>Kate, la ecolog\u00eda y el desarrollo, Alemania<\/h2>\n<h4>Certificaci\u00f3n de Turismo Sostenible TourCert<\/h4>\n<p>Kate apoya a las empresas y organizaciones en la gesti\u00f3n del medio ambiente, y es tambi\u00e9n el fundador de TourCert, una agencia de la certificaci\u00f3n alemana para las empresas tur\u00edsticas.<\/p>\n<p>TourCert entrena y certifica a los operadores tur\u00edsticos, hoteles, agencias de viajes y destinos para los est\u00e1ndares de orden ambiental, econ\u00f3mico y social.<\/p>\n<p>Kate es nuestro socio para el desarrollo del proyecto en Alemania, Austria y Suiza.<\/p>\n<p><a href=\"https:\/\/ecobnb.it\/blog\/app\/uploads\/sites\/2\/2013\/05\/locandina-itaca2013.jpg\"><span style=\"color: #333333;\">\u00a0<\/span><\/a><\/td>\n<\/tr>\n<tr>\n<td style=\"vertical-align: middle!important;\">\n<h2>EcoDev<\/h2>\n<h4>Centro de Investigaci\u00f3n y Desarrollo de Proyectos de Ecoturismo en Serbia<\/h4>\n<p>EcoDev es una ONG de Serbia inspira en la necesidad de una sinergia entre la &#8220;econom\u00eda&#8221; y &#8220;ecolog\u00eda&#8221;, cuya misi\u00f3n es &#8220;desarrollo sostenible&#8221; en el turismo.<\/p>\n<p>EcoDev es nuestro socio para el desarrollo de la red de alojamiento ecol\u00f3gico en Serbia.<\/p>\n<p><a href=\"https:\/\/ecobnb.it\/blog\/app\/uploads\/sites\/2\/2013\/05\/The-Energy-Water-Nexus.jpg\"><span style=\"color: #333333;\">\u00a0<\/span><\/a><\/td>\n<td style=\"vertical-align: middle!important;\"><img decoding=\"async\" class=\"alignnone wp-image-341 size-full\" src=\"https:\/\/ecobnb.es\/blog\/app\/uploads\/sites\/6\/2016\/04\/ecodev.jpg\" alt=\"ecodev - serbia\" width=\"333\" height=\"159\" \/><\/td>\n<\/tr>\n<tr>\n<td style=\"vertical-align: middle!important;\"><span style=\"color: #333333;\"><img decoding=\"async\" class=\"alignnone wp-image-340 size-full\" src=\"https:\/\/ecobnb.es\/blog\/app\/uploads\/sites\/6\/2016\/04\/Ministry-Serbia.png\" alt=\"Serbio Ministerio de Turismo\" width=\"500\" height=\"700\" srcset=\"https:\/\/ecobnb.es\/blog\/app\/uploads\/sites\/6\/2016\/04\/Ministry-Serbia.png 500w, https:\/\/ecobnb.es\/blog\/app\/uploads\/sites\/6\/2016\/04\/Ministry-Serbia-344x482.png 344w\" sizes=\"(max-width: 500px) 100vw, 500px\" \/><br \/>\n<\/span><\/td>\n<td style=\"vertical-align: middle!important;\">\n<h2>Serbio Ministerio de Turismo<\/h2>\n<p>Serbia ofrece magn\u00edficos parques naturales, zonas verdes y frondosos bosques, con especies animales y vegetales ha desaparecido mucho tiempo en otras partes de Europa, una incre\u00edble diversidad geol\u00f3gica, biol\u00f3gica y eco sist\u00e9mico. En Serbia hay 9 entre el h\u00e1bitat h\u00famedo de importancia internacional del&#8217;UNESCO y reserva de la biosfera Golija, declarada patrimonio de la humanidad.<\/p>\n<p>El Ministerio de Turismo de Serbia, es nuestro socio para impulsar el proyecto y el turismo sostenible en Serbia.<\/td>\n<\/tr>\n<tr>\n<td style=\"vertical-align: middle!important;\">\n<h2>GH Calabria<\/h2>\n<h4>Turismo innovador y el primer parque vivencias en Calabria<\/h4>\n<p>GH Calabria es una peque\u00f1a empresa innovadora en el campo del turismo sostenible, que desarroll\u00f3 las huellas en el parque, un parque experimental y rodeado por 3 hect\u00e1reas de bosque de hayas, en el parque de Sila, en Calabria. Por lo tanto, uno de los m\u00e1s sugestivos y virgen del Parque Nacional de Sila, donde se puede respirar el aire puro de Europa, se ha convertido en una oportunidad \u00fanica para el turismo ecol\u00f3gico en Italia.<\/p>\n<p>Huellas en el parque es nuestro socio para promover y difundir el proyecto en el sur de Italia.<\/td>\n<td><span style=\"color: #333333;\"><img decoding=\"async\" class=\"alignnone wp-image-339 size-full\" src=\"https:\/\/ecobnb.es\/blog\/app\/uploads\/sites\/6\/2016\/04\/orme-nel-parco.png\" alt=\"Orme nel parco, el turismo sostenible en Calabria\" width=\"453\" height=\"170\" srcset=\"https:\/\/ecobnb.es\/blog\/app\/uploads\/sites\/6\/2016\/04\/orme-nel-parco.png 453w, https:\/\/ecobnb.es\/blog\/app\/uploads\/sites\/6\/2016\/04\/orme-nel-parco-344x129.png 344w\" sizes=\"(max-width: 453px) 100vw, 453px\" \/>\u00a0\u00a0<\/span><\/td>\n<\/tr>\n<tr>\n<td style=\"vertical-align: middle!important;\"><img decoding=\"async\" class=\"alignnone wp-image-338 size-full\" src=\"https:\/\/ecobnb.es\/blog\/app\/uploads\/sites\/6\/2016\/04\/io-sto-con-itaca-350x500.jpg\" alt=\"Itaca Festival de turismo responsable\" width=\"350\" height=\"500\" srcset=\"https:\/\/ecobnb.es\/blog\/app\/uploads\/sites\/6\/2016\/04\/io-sto-con-itaca-350x500.jpg 350w, https:\/\/ecobnb.es\/blog\/app\/uploads\/sites\/6\/2016\/04\/io-sto-con-itaca-350x500-344x491.jpg 344w\" sizes=\"(max-width: 350px) 100vw, 350px\" \/><\/td>\n<td style=\"vertical-align: middle!important;\">\n<h2>IT.A.CA&#8217;: Migrantes y viajeros<\/h2>\n<h4>El primer festival italiano dedicado al turismo responsable.<\/h4>\n<p>El Festival IT.A.CA &#8216;promueve un nuevo concepto de turismo, m\u00e1s \u00e9tica, el medio ambiente y las personas que viven all\u00ed.<\/p>\n<p>No es s\u00f3lo una muestra de los proyectos italianos e internacionales m\u00e1s interesantes sobre el tema de los viajes responsables, pero ofrece la oportunidad de experimentar de primera mano las experiencias de turismo sostenible para el descubrimiento de Emilia-Romagna.<\/p>\n<p>ViaggiVerdi y Ecobnb colaborar para construir ediciones del festival con un rico calendario de eventos, la promoci\u00f3n de rutas verdes, las ofertas de viajes ecol\u00f3gicos y alojamiento ecol\u00f3gico.<\/td>\n<\/tr>\n<tr>\n<td style=\"vertical-align: middle!important;\">\n<h2><\/h2>\n<h2>Ella Studio<\/h2>\n<h4>La agencia de prensa dedicada al turismo sostenible<\/h4>\n<p>Ella estudio nos ayuda todos los d\u00edas para difundir el proyecto y Ecobnb ViaggiVerdi. Ella es una agencia de comunicaci\u00f3n que tiene como objetivo promover la imagen de sus clientes a trav\u00e9s de art\u00edculos en los m\u00e1s importantes peri\u00f3dicos italianos, los servicios de radio y televisi\u00f3n y las actividades de marketing viral. Ella trabaja con un equipo de periodistas especializados en turismo, el arte, la cultura, la salud, la alimentaci\u00f3n y el vino.<\/p>\n<p>Ella Studio es nuestro socio para difundir el proyecto en los medios de comunicaci\u00f3n en l\u00ednea, peri\u00f3dicos y radio.<\/td>\n<td style=\"vertical-align: middle!important;\"><img decoding=\"async\" class=\"alignnone wp-image-2381\" src=\"https:\/\/ecobnb.es\/blog\/app\/uploads\/sites\/6\/2016\/04\/2017-logo-ella-studio.jpeg\" alt=\"Ella - Ecobnb partner\" width=\"400\" height=\"378\" srcset=\"https:\/\/ecobnb.es\/blog\/app\/uploads\/sites\/6\/2016\/04\/2017-logo-ella-studio.jpeg 509w, https:\/\/ecobnb.es\/blog\/app\/uploads\/sites\/6\/2016\/04\/2017-logo-ella-studio-344x325.jpeg 344w\" sizes=\"(max-width: 400px) 100vw, 400px\" \/><\/p>\n<div><\/div>\n<\/td>\n<\/tr>\n<tr>\n<td style=\"vertical-align: middle!important;\"><img decoding=\"async\" class=\"alignnone size-full wp-image-336\" src=\"https:\/\/ecobnb.es\/blog\/app\/uploads\/sites\/6\/2016\/04\/BlaBlaCar.png\" alt=\"BlaBlaCar\" width=\"200\" height=\"200\" \/><\/td>\n<td style=\"vertical-align: middle!important;\">\n<h2>Bla Bla Car<\/h2>\n<h4>Fomentar la movilidad sostenible intercambio de pasajes en coche<\/h4>\n<p>Bla Bla Car es la principal plataforma dedicada a compartir risas, donde cualquier persona puede hacer asientos disponibles libres en su coche para rutas de media o larga, y por lo general espor\u00e1dica, como en las vacaciones. En unos pocos clics viajeros puedo encontrar una transici\u00f3n de bajo coste y reducir su impacto sobre el medio ambiente.<\/td>\n<\/tr>\n<tr>\n<td style=\"vertical-align: middle!important;\">\n<h2>HowManyTrees<\/h2>\n<h4>\u00bfCu\u00e1ntos \u00e1rboles que consumimos<\/h4>\n<p>es el sitio web de dos ingenieros italianos que le permite calcular r\u00e1pida y f\u00e1cilmente el impacto ambiental en t\u00e9rminos de \u00e1rboles. De hecho, la reducci\u00f3n de las emisiones de CO2 es equivalente a la plantaci\u00f3n de \u00e1rboles, y aumentan las emisiones equivalentes a cortarlos.<\/p>\n<p>El sitio tambi\u00e9n puede encontrar consejos e ideas para mejorar su impacto sobre el medio ambiente.<\/p>\n<p>Con HowManyTrees calculamos el ahorro de CO2 y \u00e1rboles por nuestro requisito de sostenibilidad.<\/td>\n<td style=\"vertical-align: middle!important;\"><img decoding=\"async\" class=\"alignnone wp-image-335 size-full\" src=\"https:\/\/ecobnb.es\/blog\/app\/uploads\/sites\/6\/2016\/04\/logo_howmanytrees_1_21-870x490.jpg\" alt=\"HowManyTrees\" width=\"870\" height=\"490\" srcset=\"https:\/\/ecobnb.es\/blog\/app\/uploads\/sites\/6\/2016\/04\/logo_howmanytrees_1_21-870x490.jpg 870w, https:\/\/ecobnb.es\/blog\/app\/uploads\/sites\/6\/2016\/04\/logo_howmanytrees_1_21-870x490-536x302.jpg 536w, https:\/\/ecobnb.es\/blog\/app\/uploads\/sites\/6\/2016\/04\/logo_howmanytrees_1_21-870x490-570x320.jpg 570w, https:\/\/ecobnb.es\/blog\/app\/uploads\/sites\/6\/2016\/04\/logo_howmanytrees_1_21-870x490-344x194.jpg 344w\" sizes=\"(max-width: 870px) 100vw, 870px\" \/><\/td>\n<\/tr>\n<tr>\n<td style=\"vertical-align: middle!important;\"><img decoding=\"async\" class=\"alignnone wp-image-334 size-full\" src=\"https:\/\/ecobnb.es\/blog\/app\/uploads\/sites\/6\/2016\/04\/seed-money.jpg\" alt=\"seed money\" width=\"500\" height=\"365\" srcset=\"https:\/\/ecobnb.es\/blog\/app\/uploads\/sites\/6\/2016\/04\/seed-money.jpg 500w, https:\/\/ecobnb.es\/blog\/app\/uploads\/sites\/6\/2016\/04\/seed-money-344x251.jpg 344w\" sizes=\"(max-width: 500px) 100vw, 500px\" \/><\/td>\n<td style=\"vertical-align: middle!important;\">\n<h2>Trentino Sviluppo<\/h2>\n<h4>Apoyo a la creaci\u00f3n de iniciativas empresariales innovadoras<\/h4>\n<p>El proyecto gan\u00f3 el aviso de capital inicial, el fondo de la Provincia Aut\u00f3noma de Trento destinado a la difusi\u00f3n de iniciativas empresariales innovadoras. ViaggiVerdi es el beneficiario de la convocatoria Operativo 2007-2013 FEDER Eje 3 Nuevo Emprendimiento, la intervenci\u00f3n para apoyar la creaci\u00f3n de iniciativas empresariales de capital inicial, co-financiado por la Uni\u00f3n Europea.<\/td>\n<\/tr>\n<tr>\n<td style=\"vertical-align: middle!important;\">\n<h2>Eco Hotel<\/h2>\n<h4>Peque\u00f1os hoteles ecol\u00f3gicos de gesti\u00f3n familiar en Croacia<\/h4>\n<p>Distinguidos por el logo del coraz\u00f3n con una hoja, estos ecohoteles apuestan por la reducci\u00f3n de residuos y el uso racional de la energ\u00eda, diferenciando los residuos y utilizando productos de kil\u00f3metro cero. Los platos de estos hoteles ecol\u00f3gicos se preparan seg\u00fan recetas tradicionales, a partir de productos locales cultivados en el \u00e1rea donde se encuentra la estructura. Esta etiqueta ecol\u00f3gica croata implica difundir la conciencia ambiental entre el personal del hotel, los hu\u00e9spedes y todas las personas que entran en contacto con sus servicios.<\/td>\n<td style=\"vertical-align: middle!important;\"><img decoding=\"async\" class=\"alignnone size-full wp-image-7157\" src=\"https:\/\/ecobnb.es\/blog\/app\/uploads\/sites\/6\/2023\/01\/logo-eco-hotel.png\" alt=\"logo eco hotel\" width=\"400\" height=\"260\" srcset=\"https:\/\/ecobnb.es\/blog\/app\/uploads\/sites\/6\/2023\/01\/logo-eco-hotel.png 400w, https:\/\/ecobnb.es\/blog\/app\/uploads\/sites\/6\/2023\/01\/logo-eco-hotel-344x224.png 344w\" sizes=\"(max-width: 400px) 100vw, 400px\" \/><\/td>\n<\/tr>\n<tr>\n<td style=\"vertical-align: middle!important;\"><\/td>\n<td style=\"vertical-align: middle!important;\"><\/td>\n<\/tr>\n<\/tbody>\n<\/table>\n","protected":false},"excerpt":{"rendered":"<p>EcoDots proyecto europeo, financiado por la Uni\u00f3n Europea Ecobnb promueve el turismo sostenible en Europa Gracias al proyecto EcoDots, co-financiado por la Comisi\u00f3n Europea, Ecobnb promueve el turismo sostenible en Europa. El proyecto fue co-financiado por la Uni\u00f3n Europea en el \u00e1mbito de la competitividad y la innovaci\u00f3n con el Convenio n\u00fam SI2.677269. La Comisi\u00f3n [&hellip;]<\/p>\n","protected":false},"author":33,"featured_media":0,"parent":0,"menu_order":0,"comment_status":"closed","ping_status":"closed","template":"page-nosidebar.php","meta":{"_acf_changed":false,"footnotes":""},"class_list":["post-332","page","type-page","status-publish","hentry"],"acf":[],"yoast_head":"<!-- This site is optimized with the Yoast SEO plugin v27.5 - https:\/\/yoast.com\/product\/yoast-seo-wordpress\/ -->\n<title>Partners - Ecobnb<\/title>\n<meta name=\"description\" content=\"Los partners que apoyan Ecobnb, ofreciendo oportunidades para las instalaciones de alojamiento registrados y la comunidad del turismo responsable\" \/>\n<meta name=\"robots\" content=\"index, follow, max-snippet:-1, max-image-preview:large, max-video-preview:-1\" \/>\n<link rel=\"canonical\" href=\"https:\/\/ecobnb.es\/blog\/partners\/\" \/>\n<meta property=\"og:locale\" content=\"es_ES\" \/>\n<meta property=\"og:type\" content=\"article\" \/>\n<meta property=\"og:title\" content=\"Partners - Ecobnb\" \/>\n<meta property=\"og:description\" content=\"Los partners que apoyan Ecobnb, ofreciendo oportunidades para las instalaciones de alojamiento registrados y la comunidad del turismo responsable\" \/>\n<meta property=\"og:url\" content=\"https:\/\/ecobnb.es\/blog\/partners\/\" \/>\n<meta property=\"og:site_name\" content=\"Ecobnb\" \/>\n<meta property=\"article:modified_time\" content=\"2023-01-25T16:14:29+00:00\" \/>\n<meta property=\"og:image\" content=\"https:\/\/ecobnb.es\/blog\/app\/uploads\/sites\/6\/2016\/04\/logo-unione-europea.jpg\" \/>\n<meta name=\"twitter:card\" content=\"summary_large_image\" \/>\n<meta name=\"twitter:label1\" content=\"Est. reading time\" \/>\n\t<meta name=\"twitter:data1\" content=\"9 minutes\" \/>\n<!-- \/ Yoast SEO plugin. -->","yoast_head_json":{"title":"Partners - Ecobnb","description":"Los partners que apoyan Ecobnb, ofreciendo oportunidades para las instalaciones de alojamiento registrados y la comunidad del turismo responsable","robots":{"index":"index","follow":"follow","max-snippet":"max-snippet:-1","max-image-preview":"max-image-preview:large","max-video-preview":"max-video-preview:-1"},"canonical":"https:\/\/ecobnb.es\/blog\/partners\/","og_locale":"es_ES","og_type":"article","og_title":"Partners - Ecobnb","og_description":"Los partners que apoyan Ecobnb, ofreciendo oportunidades para las instalaciones de alojamiento registrados y la comunidad del turismo responsable","og_url":"https:\/\/ecobnb.es\/blog\/partners\/","og_site_name":"Ecobnb","article_modified_time":"2023-01-25T16:14:29+00:00","og_image":[{"url":"https:\/\/ecobnb.es\/blog\/app\/uploads\/sites\/6\/2016\/04\/logo-unione-europea.jpg","type":"","width":"","height":""}],"twitter_card":"summary_large_image","twitter_misc":{"Est. reading time":"9 minutes"},"schema":{"@context":"https:\/\/schema.org","@graph":[{"@type":"WebPage","@id":"https:\/\/ecobnb.es\/blog\/partners\/","url":"https:\/\/ecobnb.es\/blog\/partners\/","name":"Partners - Ecobnb","isPartOf":{"@id":"https:\/\/ecobnb.es\/blog\/#website"},"primaryImageOfPage":{"@id":"https:\/\/ecobnb.es\/blog\/partners\/#primaryimage"},"image":{"@id":"https:\/\/ecobnb.es\/blog\/partners\/#primaryimage"},"thumbnailUrl":"https:\/\/ecobnb.es\/blog\/app\/uploads\/sites\/6\/2016\/04\/logo-unione-europea.jpg","datePublished":"2016-04-14T14:07:59+00:00","dateModified":"2023-01-25T16:14:29+00:00","description":"Los partners que apoyan Ecobnb, ofreciendo oportunidades para las instalaciones de alojamiento registrados y la comunidad del turismo responsable","breadcrumb":{"@id":"https:\/\/ecobnb.es\/blog\/partners\/#breadcrumb"},"inLanguage":"es-ES","potentialAction":[{"@type":"ReadAction","target":["https:\/\/ecobnb.es\/blog\/partners\/"]}]},{"@type":"ImageObject","inLanguage":"es-ES","@id":"https:\/\/ecobnb.es\/blog\/partners\/#primaryimage","url":"https:\/\/ecobnb.es\/blog\/app\/uploads\/sites\/6\/2016\/04\/logo-unione-europea.jpg","contentUrl":"https:\/\/ecobnb.es\/blog\/app\/uploads\/sites\/6\/2016\/04\/logo-unione-europea.jpg","width":443,"height":301},{"@type":"BreadcrumbList","@id":"https:\/\/ecobnb.es\/blog\/partners\/#breadcrumb","itemListElement":[{"@type":"ListItem","position":1,"name":"Home","item":"https:\/\/ecobnb.es\/blog\/"},{"@type":"ListItem","position":2,"name":"Partners"}]},{"@type":"WebSite","@id":"https:\/\/ecobnb.es\/blog\/#website","url":"https:\/\/ecobnb.es\/blog\/","name":"Ecobnb","description":"Find sustainable accommodation","potentialAction":[{"@type":"SearchAction","target":{"@type":"EntryPoint","urlTemplate":"https:\/\/ecobnb.es\/blog\/?s={search_term_string}"},"query-input":{"@type":"PropertyValueSpecification","valueRequired":true,"valueName":"search_term_string"}}],"inLanguage":"es-ES"}]}},"_links":{"self":[{"href":"https:\/\/ecobnb.es\/blog\/wp-json\/wp\/v2\/pages\/332","targetHints":{"allow":["GET"]}}],"collection":[{"href":"https:\/\/ecobnb.es\/blog\/wp-json\/wp\/v2\/pages"}],"about":[{"href":"https:\/\/ecobnb.es\/blog\/wp-json\/wp\/v2\/types\/page"}],"author":[{"embeddable":true,"href":"https:\/\/ecobnb.es\/blog\/wp-json\/wp\/v2\/users\/33"}],"replies":[{"embeddable":true,"href":"https:\/\/ecobnb.es\/blog\/wp-json\/wp\/v2\/comments?post=332"}],"version-history":[{"count":6,"href":"https:\/\/ecobnb.es\/blog\/wp-json\/wp\/v2\/pages\/332\/revisions"}],"predecessor-version":[{"id":7158,"href":"https:\/\/ecobnb.es\/blog\/wp-json\/wp\/v2\/pages\/332\/revisions\/7158"}],"wp:attachment":[{"href":"https:\/\/ecobnb.es\/blog\/wp-json\/wp\/v2\/media?parent=332"}],"curies":[{"name":"wp","href":"https:\/\/api.w.org\/{rel}","templated":true}]}}